{"id":8247,"date":"2017-03-01T12:44:54","date_gmt":"2017-03-01T10:44:54","guid":{"rendered":"http:\/\/userpage.fu-berlin.de\/melab\/wordpress\/?page_id=8247"},"modified":"2017-05-10T11:28:33","modified_gmt":"2017-05-10T09:28:33","slug":"impressum","status":"publish","type":"page","link":"https:\/\/userpage.fu-berlin.de\/melab\/wordpress\/?page_id=8247","title":{"rendered":"Impressum"},"content":{"rendered":"<p><div  class=\"fusion-fullwidth fullwidth-box nonhundred-percent-fullwidth\"  style='background-color: rgba(255,255,255,0);background-position: center center;background-repeat: no-repeat;padding-top:20px;padding-right:0px;padding-bottom:20px;padding-left:0px;'><div class=\"fusion-builder-row fusion-row \"><\/div><\/div><div  class=\"fusion-fullwidth fullwidth-box nonhundred-percent-fullwidth\"  style='background-color: rgba(255,255,255,0);background-position: center center;background-repeat: no-repeat;padding-top:20px;padding-right:0px;padding-bottom:20px;padding-left:0px;'><div class=\"fusion-builder-row fusion-row \"><div  class=\"fusion-layout-column fusion_builder_column fusion_builder_column_1_1  fusion-one-full fusion-column-first fusion-column-last 1_1\"  style='margin-top:0px;margin-bottom:20px;'>\n\t\t\t\t\t<div class=\"fusion-column-wrapper\" style=\"background-position:left top;background-repeat:no-repeat;-webkit-background-size:cover;-moz-background-size:cover;-o-background-size:cover;background-size:cover;\"  data-bg-url=\"\">\n\t\t\t\t\t\t<div class=\"fusion-title title fusion-title-size-one\" style=\"margin-top:0px;margin-bottom:31px;\"><h1 class=\"title-heading-left\"><h1>Impressum<\/h1><\/h1><div class=\"title-sep-container\"><div class=\"title-sep sep-double sep-solid\" style=\"border-color:#e0dede;\"><\/div><\/div><\/div><p>Das MedienLabor ist mit der Lehre der Arbeitsstelle Journalistik am Institut f\u00fcr Publizistik- und Kommunikationswissenschaft verbunden und ver\u00f6ffentlicht ausgew\u00e4hlte Beitr\u00e4ge der journalistischen Praxisseminare.<\/p>\n<p>Herausgeber: <a href=\"http:\/\/www.polsoz.fu-berlin.de\/kommwiss\/arbeitstellen\/journalistik\/profil\/index.html\">Arbeitsstelle Journalistik<\/a><\/p>\n<p>Redaktionsleitung: <a href=\"http:\/\/www.polsoz.fu-berlin.de\/kommwiss\/arbeitstellen\/journalistik\/mitarbeiterinnen\/ssell\/index.html\">Saskia Sell<\/a> und <a href=\"http:\/\/www.polsoz.fu-berlin.de\/kommwiss\/arbeitstellen\/journalistik\/mitarbeiterinnen\/akretschmer\/index.html\">Anja Kretschmer<\/a> (V.i.S.d. \u00a7 55 RStV)<\/p>\n<p>Postadresse:<\/p>\n<p>Arbeitsstelle Journalistik<br \/>\nFachbereich Politik- und Sozialwissenschaften<br \/>\nInstitut f\u00fcr Publizistik- und Kommunikationswissenschaft<br \/>\nFreie Universit\u00e4t Berlin<br \/>\nGarystr. 55<br \/>\n14195 Berlin<\/p>\n<p>E-Mail: saskia.sell (at) fu-berlin.de | anja.kretschmer (at) fu-berlin.de<\/p>\n<p>Das MedienLabor basiert auf WordPress.<\/p>\n<div class=\"fusion-clearfix\"><\/div>\n\n\t\t\t\t\t<\/div>\n\t\t\t\t<\/div><\/div><\/div><\/p>\n","protected":false},"excerpt":{"rendered":"","protected":false},"author":1,"featured_media":0,"parent":0,"menu_order":0,"comment_status":"closed","ping_status":"closed","template":"","meta":{"ngg_post_thumbnail":0,"_links_to":"","_links_to_target":""},"_links":{"self":[{"href":"https:\/\/userpage.fu-berlin.de\/melab\/wordpress\/index.php?rest_route=\/wp\/v2\/pages\/8247"}],"collection":[{"href":"https:\/\/userpage.fu-berlin.de\/melab\/wordpress\/index.php?rest_route=\/wp\/v2\/pages"}],"about":[{"href":"https:\/\/userpage.fu-berlin.de\/melab\/wordpress\/index.php?rest_route=\/wp\/v2\/types\/page"}],"author":[{"embeddable":true,"href":"https:\/\/userpage.fu-berlin.de\/melab\/wordpress\/index.php?rest_route=\/wp\/v2\/users\/1"}],"replies":[{"embeddable":true,"href":"https:\/\/userpage.fu-berlin.de\/melab\/wordpress\/index.php?rest_route=%2Fwp%2Fv2%2Fcomments&post=8247"}],"version-history":[{"count":4,"href":"https:\/\/userpage.fu-berlin.de\/melab\/wordpress\/index.php?rest_route=\/wp\/v2\/pages\/8247\/revisions"}],"predecessor-version":[{"id":8864,"href":"https:\/\/userpage.fu-berlin.de\/melab\/wordpress\/index.php?rest_route=\/wp\/v2\/pages\/8247\/revisions\/8864"}],"wp:attachment":[{"href":"https:\/\/userpage.fu-berlin.de\/melab\/wordpress\/index.php?rest_route=%2Fwp%2Fv2%2Fmedia&parent=8247"}],"curies":[{"name":"wp","href":"https:\/\/api.w.org\/{rel}","templated":true}]}}

<p><div  class="fusion-fullwidth fullwidth-box nonhundred-percent-fullwidth"  style='background-color: rgba(255,255,255,0);background-position: center center;background-repeat: no-repeat;padding-top:20px;padding-right:0px;padding-bottom:20px;padding-left:0px;'><div class="fusion-builder-row fusion-row "></div></div><div  class="fusion-fullwidth fullwidth-box nonhundred-percent-fullwidth"  style='background-color: rgba(255,255,255,0);background-position: center center;background-repeat: no-repeat;padding-top:20px;padding-right:0px;padding-bottom:20px;padding-left:0px;'><div class="fusion-builder-row fusion-row "><div  class="fusion-layout-column fusion_builder_column fusion_builder_column_1_1  fusion-one-full fusion-column-first fusion-column-last 1_1"  style='margin-top:0px;margin-bottom:20px;'>
					<div class="fusion-column-wrapper" style="background-position:left top;background-repeat:no-repeat;-webkit-background-size:cover;-moz-background-size:cover;-o-background-size:cover;background-size:cover;"  data-bg-url="">
						<div class="fusion-title title fusion-title-size-one" style="margin-top:0px;margin-bottom:31px;"><h1 class="title-heading-left"><h1>Impressum</h1></h1><div class="title-sep-container"><div class="title-sep sep-double sep-solid" style="border-color:#e0dede;"></div></div></div><p>Das MedienLabor ist mit der Lehre der Arbeitsstelle Journalistik am Institut für Publizistik- und Kommunikationswissenschaft verbunden und veröffentlicht ausgewählte Beiträge der journalistischen Praxisseminare.</p>
<p>Herausgeber: <a href="http://www.polsoz.fu-berlin.de/kommwiss/arbeitstellen/journalistik/profil/index.html">Arbeitsstelle Journalistik</a></p>
<p>Redaktionsleitung: <a href="http://www.polsoz.fu-berlin.de/kommwiss/arbeitstellen/journalistik/mitarbeiterinnen/ssell/index.html">Saskia Sell</a> und <a href="http://www.polsoz.fu-berlin.de/kommwiss/arbeitstellen/journalistik/mitarbeiterinnen/akretschmer/index.html">Anja Kretschmer</a> (V.i.S.d. § 55 RStV)</p>
<p>Postadresse:</p>
<p>Arbeitsstelle Journalistik<br />
Fachbereich Politik- und Sozialwissenschaften<br />
Institut für Publizistik- und Kommunikationswissenschaft<br />
Freie Universität Berlin<br />
Garystr. 55<br />
14195 Berlin</p>
<p>E-Mail: saskia.sell (at) fu-berlin.de | anja.kretschmer (at) fu-berlin.de</p>
<p>Das MedienLabor basiert auf WordPress.</p>
<div class="fusion-clearfix"></div>

					</div>
				</div></div></div></p>
